+ -124. Let b(v) = -3*v + 4. Give b(q).
-2
Let n(k) = 20*k**3 - k**2 - k + 1. Let h(x) = 2*x**2 - x - 1. Let j(o) = -9*o**2 + 13*o - 3. Let p(r) = 4*h(r) + j(r). Let f be p(8). Calculate n(f).
19
Let v(b) be the first derivative of b**4/4 - 6*b**3 - 21*b**2/2 + 36*b - 3691. Give v(19).
-2
Let m(f) = 2*f**2 + 2*f - 5. Let l(g) = g**2 + g - 2. Let v(y) = -13*l(y) + 6*m(y). Let d be 8/64*4*(-17 - -17). What is v(d)?
-4
Suppose -177 = -21*n - 195 + 123. Let t(w) = 3*w**2 + 11*w - 5. Give t(n).
125
Let o(y) be the third derivative of -y**5/3 - y**4/24 - y**3/6 - 10*y**2. Let u = -380 - -379. Give o(u).
-20
Let v(o) be the first derivative of -o**4/4 + o**3/3 + o**2 + o + 5428. Let p = 4 - 3. Let l = -3 + p. Calculate v(l).
9
Let j(c) = 14 - 2*c - 2*c**2 - 2*c - 5 - 7*c. Let v(s) = -s**2 - s + 1. Let u(x) = j(x) - 3*v(x). Give u(7).
-1
Let w be 2 + (-966)/28*8/6. Let k be ((-20)/(-11) - 8/w) + 2. Suppose -3*v - 20 - 12 = -4*p, 2*v + 8 = -k*p. Let o(z) = -z**2 - 10*z - 12. Calculate o(v).
4
Let v(x) = -4*x**3 - 28*x**2 + 24*x - 110. Let m(z) = z**3 + 2*z**2 - 2*z - 2. Let j(k) = 3*m(k) + v(k). Give j(-23).
-1
Let y(v) = 19*v + 92. Let w be y(-4). Suppose -4*b = -2*t + 4, 7*t = 3*t - 4*b - w. Let o(r) = -r**3 + 2*r**2 + 2*r - 1. What is o(t)?
11
Let z(d) = 18*d - 71. Let y(r) = -39*r + 139. Let g(f) = -2*y(f) - 5*z(f). Give g(6).
5
Let d(f) = -31*f - 2. Let n(k) = 1. Let o(x) = d(x) + 3*n(x). Give o(-1).
32
Let p = -75 + 118. Let h = p + -39. Let d(z) = -z - h*z + z + 5*z + 1. Give d(5).
6
Let n = 64 - 60. Suppose -5*h + n*h = 4*h. Let b(t) be the third derivative of -t**5/60 + 2*t**3 - 21*t**2. What is b(h)?
12
Suppose 2*d + 4*t - 72 = 0, 4*d + 1276 = 5*t + 1342. Let l(o) = -3*o + 75. Determine l(d).
3
Let k(j) = 5*j**2 - 7*j + 9. Let n(v) = -v**2 + v - 1. Let d(c) = 2*c**2 - 24*c + 11. Let o be d(10). Let z = o + 35. Let w(i) = z*n(i) + k(i). What is w(0)?
3
Let s(g) = -g**3 - g - 5. Let l be 22*(-10 + 16)*(-5)/(-6). Let p = l + -105. Suppose 0 = -p*z + i + 5, 7 = -z - i + 2. Give s(z).
-5
Let h(y) = 17*y**2 + 9*y - 60. Let q(x) = 25*x**2 + 10*x - 58. Let o(l) = -3*h(l) + 2*q(l). Give o(-10).
34
Let k(v) = -24*v. Let s(g) = 15*g + 13*g - 39*g. Let o(p) = 6*k(p) - 13*s(p). Give o(-3).
3
Suppose -2358*a - 405 = -2367*a. Let c be a/25*170/(-51). Let z(t) be the second derivative of -t**3/3 - 9*t**2/2 + t. Determine z(c).
3
Let m(q) = 9*q - 11. Let t be m(2). Suppose -t*d = -30*d + 115. Let n(h) = h**3 - 6*h**2 + 6*h - 7. Determine n(d).
-2
Let r(v) = 5*v**2 - v + 2. Let t(i) = -i + 5 - i - 6*i**2 + 17*i**2. Let g be (-1 - 37/(-8)) + 84/224. Let a(j) = g*t(j) - 9*r(j). What is a(-2)?
-4
Suppose -z + 10*m + 27 = 6*m, -2*z - 24 = 5*m. Let k(r) = r**3 + 2*r**2 - 3*r + 3. Determine k(z).
39
Let f(j) be the first derivative of j**5/120 - j**4/8 + 26*j**3/3 - 4*j - 33. Let x(s) be the third derivative of f(s). Calculate x(-1).
-4
Let b = -33 + 35. Suppose -p = 2*x - 4, -4*p + b*x + 16 = 7*x. Suppose -4*o - p*u = -2*o - 4, 3*o + 5*u = 5. Let h(q) = q**2 + 7. What is h(o)?
7
Suppose -4 - 4 = -4*u. Let t(m) = -4 + 5 - 372*m + 738*m + m**3 - 369*m. Determine t(u).
3
Let j(y) be the second derivative of y**5/20 - y**4/6 + y**3/6 - y**2 - y. Suppose -4*m - g = -6, m + 29*g = 34*g + 33. Determine j(m).
10
Let y(k) = 12*k**3 - 2*k**2 + k + 1. Let d be -1*6/8 - 51/(9588/(-329)). What is y(d)?
12
Let i(r) = r**2 - 9*r - 7. Suppose 5287*c = 5305*c - 198. Determine i(c).
15
Let p(b) be the second derivative of 2*b**3/3 - 7*b**2/2 - 37*b. Let c(z) = 9*z - 11. Let g(r) = -3*c(r) + 5*p(r). Determine g(-2).
12
Let q(u) = -2*u + 4*u + 0*u + 3*u - 6*u - 13. Let d be q(-15). Let i(l) = 4*l**2 - 2. Calculate i(d).
14
Let g(c) = -c**2 - 5*c + 237. Suppose 0 = -6*r - 58 + 136. What is g(r)?
3
Let m = -490 + 491. Suppose 2*b - b = 4. Let s(p) = -m + 3 + 1 + b*p + p. Give s(-2).
-7
Let x = 6845 - 6846. Let t(u) = u**3 + u**2 - 4*u - 2. What is t(x)?
2
Let f(b) = -b + 25. Let o be f(9). Suppose 4*m + k - 26 = m, -k = 2*m - o. Suppose -m = -5*u + 3*u. Let y(x) = -x**2 + 4*x + 5. Determine y(u).
0
Suppose 2*b - 2 = 2. Let f = -522 + 524. Let a(z) = 3 - 11*z**2 + 5*z - 8*z**b - z**3 + 23*z**f. Calculate a(5).
3
Let s = 34 - 41. Let l = -10 - s. Let c(d) be the third derivative of d**6/120 + d**5/20 - d**4/12 - d**3/6 - 4*d**2. Calculate c(l).
5
Let g(d) = -6*d**2 + 12*d - 6. Let b(h) = h**3 - 6*h**2 + 99*h - 738. Let u be b(7). What is g(u)?
-54
Let o(p) = 72*p**2 + p - 1. Let d(n) = 82*n**3 - n**2 - 2*n + 1. Let h be d(0). Determine o(h).
72
Suppose 5*g - 48 = -2*i, 41*i - 1 = 42*i. Let k(c) = -c**2 + 10*c + 6. Calculate k(g).
6
Let t(a) = -a**2 - a + 8. Let s = 3819 - 3824. Calculate t(s).
-12
Let z(q) be the second derivative of -q**8/6720 - q**7/630 - q**6/120 + q**5/60 + 6*q**4 + 37*q. Let l(r) be the third derivative of z(r). Calculate l(-3).
11
Let k(w) = w. Let v = 1575 - 1570. What is k(v)?
5
Let h(n) = n**2 + 7*n - 10. Let j be h(-8). Let s be (-8)/j - (6 - 10). Suppose s*b = -13 - 19. Let w(o) = o - 3. Determine w(b).
-7
Let l be ((-4)/(-7))/(2/21). Let w(t) = -16370*t + l + 16370*t - t**2. Determine w(-6).
-30
Suppose -3*s + 570 = 12*s. Let x(r) = s*r**3 - 6 + 4 - 39*r**3 - 4*r + r**2 - 4*r**2. Calculate x(-3).
10
Let m(z) = -z + 2. Suppose -u = -7 + 5. Suppose 0 = v - 0*v + 4*o - 20, -v + 14 = -u*o. Let d = 20 - v. What is m(d)?
-2
Let v(m) = -3*m - 20. Let o(q) = 2*q. Let w(t) = -2*o(t) - v(t). Let n be 54/(-21)*8/36*-21. What is w(n)?
8
Let f(n) = 5*n**2 + 21*n + 9. Let d(b) = -27*b**2 - 105*b - 43. Let i(m) = -2*d(m) - 11*f(m). What is i(-15)?
77
Suppose 72*s = -72*s + 40*s + 1560. Let g(x) = -x**3 + 15*x**2 - 24. Give g(s).
-24
Let f(c) be the third derivative of -c**4/8 - 53*c**3/6 + 611*c**2. Determine f(-17).
-2
Let v(u) be the first derivative of 81 - u - 1/2*u**2. Let p = -5 + 0. Determine v(p).
4
Let i(g) = g**3 - 2*g**2 - 3*g + 18. Let b(r) = 2*r**3 - r**2 - 2*r + 14. Let x(d) = -5*b(d) + 4*i(d). Suppose 8 = -a - 5*p + 11, -4*p = 2*a. Calculate x(a).
42
Let b(z) = 299*z**2 + z**3 - 10*z - 292*z**2 - 12 - 18 + 22. Give b(-8).
8
Let g(h) = h**2 + 5*h + 8. Let c be 4 - 1/((-2)/40). Suppose -202*v - c = -194*v. What is g(v)?
2
Let t(n) = 243*n - 1933. Let q be t(8). Let z(v) = v**2 - 7*v - 35. Give z(q).
9
Let t(i) = 2*i - 3*i + i**2 - 3*i. Let m(c) = -c**3 + 32*c**2 + 194*c - 328. Let v be m(37). Determine t(v).
5
Let y(c) = -11*c**2 + 12*c + 23. Let n(s) = 14*s**2 - 10*s - 24. Let k(g) = 4*n(g) + 5*y(g). Calculate k(-13).
-72
Let d(u) = -4*u**2 - 63*u - 77. Let j(m) = m**2 + 13*m + 14. Let t(g) = -2*d(g) - 11*j(g). Determine t(-5).
10
Suppose j = -6*m + 7*m, -2*m = 5*j + 14. Let w(l) = 4*l**3 + 3*l**2 + 2*l + 3. Calculate w(m).
-21
Let d(g) = -5*g**2 + 0*g - g - 2*g - 3*g + 3*g + 2. Determine d(-2).
-12
Let u(d) = d**3 - 7*d**2 + d**3 + 2*d**3 - 6*d**3 + d**3. Suppose -a = a + 14. Determine u(a).
0
Let a(u) be the first derivative of -u**3/3 - 7*u**2/2 + 7*u + 180. Suppose 2*k = -3*k + 15. Let z be (6 + -8)*(1 + k). Give a(z).
-1
Let t(f) = 13*f + 4. Let g = -7334 + 7330. Give t(g).
-48
Suppose 3*i + 5*n = 478649 - 119843, -2*i = -4*n - 239226. Let l(w) = i + w - 119604 - 3*w. Calculate l(-3).
9
Let k(h) = 15*h**3 - 2*h**2 - 9*h - 3. Let s be k(-3). Let i = 395 + s. Let o(u) = -u - 1. Determine o(i).
3
Let w(x) = x**2 + 4*x + 1. Let u(q) = -85*q + 1357. Let h be u(16). Determine w(h).
-2
Let r(m) = m**2 + 6*m - 9. Suppose 4 = -2*h + 12. Suppose -13*x = -h*x - 567. Suppose -x + 15 = 6*t. Calculate r(t).
7
Suppose -3*d + 4 = -4*q, 3*d + 7 + 1 = q. Let g = -370 - -374. Let s(b) = 6*b - 7. Let p(i) = 5*i - 4. Let v(n) = g*p(n) - 3*s(n). Give v(d).
-3
Let m(y) = y**3 - 4*y**2 + 4*y + 17. Let r(g) = -5*g**3 + 15*g**2 - 17*g - 71. Let i(n) = 9*m(n) + 2*r(n). What is i(-5)?
-24
Let r(v) = -v - 3. Let t be r(0). Let c be (-14)/28*4*t. Let k(n) = -2 - 866*n + 2 - 6 + 868*n. Give k(c).
6
Let f(d) = -d**2 + 9*d - 5. Let z(r) = -r + 1. Let k(b) = f(b) + z(b). Suppose -4*t + 36 = 5*s, 40 = 24*s - 19*s + 5*t. Give k(s).
12
Let m(h) = -h**3 - 25*h**2 + 17. Let y be m(-25). Let c = y - 18. Let v(k) = -37*k**2 - 1 + 21*k**2 - k + 23*k**2. Give v(c).
7
Let y(f) be the first derivative of -f**5/20 + f**4/2 - 2*f**3/3 + 3*f**2 + 162*f + 53. Let s(m) be the first derivative of y(m)